r = -u. Give t(r).
2
Let t = -8 - -7. Let l(v) = -v**3 - 3*v**2 - v. Calculate l(t).
-1
Let w = 2 + -4. Let q = -3 + 8. Let u(l) = q + 1 - 8 - l. Calculate u(w).
0
Suppose -2*y - 8 = -5*o - 2, -4*y + 5*o = 2. Let t(p) = -5 + 0*p + p - y + 2. Determine t(0).
-5
Let u(n) be the first derivative of 2*n**3/3 + n - 2. Let i(l) be the first derivative of u(l). Let d be ((-6)/(-8))/((-6)/72*3). Determine i(d).
-12
Suppose 5*v = -4*d + 10, d + 0*d - 3*v = -6. Suppose d = 2*b - 4*b + 32. Suppose -b = -5*x + x. Let k(c) = c**3 - 4*c**2 - 2. What is k(x)?
-2
Let q(g) be the second derivative of -2*g - 1/6*g**3 + 0 - 1/2*g**2. Calculate q(3).
-4
Let z(w) be the third derivative of -w**4/12 + w**3 - w**2. Let j(c) = c**3 - 8*c**2 + 5. Let q be (-108)/(-14) + (-2)/(-7). Let r be j(q). What is z(r)?
-4
Let j(r) be the first derivative of -r**2 - 4*r + 1. Suppose 9*h + 25 = 4*h. Determine j(h).
6
Let i(j) = -3*j**2. Suppose 5*a + 5 = 2*r, 0*r = -3*a + 3*r - 3. Calculate i(a).
-3
Let n(p) be the third derivative of -p**4/4 + 3*p**2. Determine n(-1).
6
Let o(i) = 19*i**2 + i + 3. Let b(s) = 9*s**2 + 1. Let y(t) = -5*b(t) + 2*o(t). Suppose -3*p - 6 = -3. Give y(p).
-8
Suppose -p = x - 1, 6*x - x = -3*p - 5. Let u(d) be the third derivative of -d**6/120 - d**5/15 + d**4/12 + d**3/2 - d**2. Determine u(x).
-5
Let q(z) = -z**3 - 3*z**2 + 3*z + 3. Suppose 1 = -2*k + 5. Let i be -6 - (k - 4) - -2. Calculate q(i).
-7
Let l(k) = -k + 1. Let y(b) = -5*b**2 - b. Let i be y(-1). What is l(i)?
5
Suppose -2*p = 3*p - 10. Suppose p*z + 0*z = -8. Let f(w) be the third derivative of -w**6/120 - w**5/15 + w**4/24 - 5*w**3/6 - w**2. Calculate f(z).
-9
Suppose t - 8 = -7. Let r(i) = 2*i - 1. Determine r(t).
1
Let t(h) = -4*h + 2*h + h + 2*h**2. Let g = -11 + 17. Let j be (g/(-4))/(9/(-12)). Determine t(j).
6
Let w(l) be the first derivative of -l**6/120 + l**5/20 + l**4/4 - l**3/2 + 3*l**2/2 - 4. Let z(r) be the second derivative of w(r). What is z(4)?
5
Let f(l) = -l**3 + 2*l**2 + 3*l - 4. Suppose 1 = -4*b + 9. Let n be (12 - 0) + (b - 3). Suppose -5*k + n = -4. What is f(k)?
-4
Let p(b) = b**3 + 3*b**2 + 2. Let m be p(-3). Suppose 0*o + m*o = 12. Let c(t) = -t - 3. Calculate c(o).
-9
Let o(u) = u - 1. Let g(a) = -4*a - 3. Let s(k) = -g(k) - 5*o(k). What is s(6)?
2
Let p(z) = 3 - 4*z - 4 + z**2 + 0. Suppose -15 = 5*q, -3*w + 3*q = 2*w - 34. What is p(w)?
4
Let d(f) be the third derivative of -f**9/60480 + f**8/6720 + f**7/1680 - f**6/720 + f**5/10 - 8*f**2. Let h(v) be the third derivative of d(v). Give h(4).
-5
Let i be ((-48)/(-40))/((-4)/10). Let v be (3 + -2)/((-1)/(-3)). Let q(k) = 1 - 2*k - 3 - 4*k**2 + v*k**2. Calculate q(i).
-5
Suppose -4*v - 5*w + 6*w + 23 = 0, -5*w = -2*v + 7. Let m be ((-2)/v)/((-8)/24). Let d(g) = -8*g. What is d(m)?
-8
Let u(v) = -v. Suppose -2*a = 5*w + 43, -5*w - a - 31 = 13. Let k = w - -7. What is u(k)?
2
Suppose 0 = -n + 3*v - 0 - 4, -n - 4 = 2*v. Let i(f) = f - 5. What is i(n)?
-9
Suppose 2*y - 5*x + 3 = 0, -16 = -4*y + x + 5. Let p(m) = -m**3 + 5*m**2 + 8*m - 9. Let b be p(y). Let t(h) = -5 - h + 4 - b + 3. Determine t(-1).
0
Suppose 10 = 3*b - 8. Suppose -w = -g + b, 6*g + 3*w = 4*g - 8. Let v(t) be the second derivative of t**3/6 - t**2 - t. Calculate v(g).
0
Let w = -2 + -5. Let j = w - -7. Let m(y) = -y**3 - y**2 + 5. What is m(j)?
5
Let o be 5 - 6 - 8*-1. Suppose 2*a + 1 = -l + o, l + 5*a - 12 = 0. Let p(n) = 4*n**3 + 3*n - 3*n**3 - 2*n**2 - 4*n**l - 4 + 9. Calculate p(5).
-5
Let p(m) = -2 - m + 2*m + 0. Let y(o) = 1. Let b(f) = 2*p(f) + 3*y(f). Suppose 3*w - 27 = -3*i, 2*i + i + 2*w = 23. Calculate b(i).
9
Let p(w) be the third derivative of w**4/8 + w**3/6 - 20*w**2. Let j be 1*(-1 - -2)*1. Determine p(j).
4
Let p(l) = l**3 - 10*l**2 + 11*l - 13. Let r be p(9). Let i(c) = 2*c**3 - 5*c + 9 + 2*c**3 - 3 + 6*c**2 - r*c**3. Determine i(5).
6
Suppose -5*z + 22 + 3 = 0. Let u(d) = d - 1. Calculate u(z).
4
Let o(f) = -13*f + 15. Let h(x) = -7*x + 7. Let p(g) = -13*h(g) + 6*o(g). Give p(-1).
-14
Let m be (-1 + 2)/((-3)/(-12)). Let p(j) = 2*j**3 - 4 + 3*j**3 - m*j**3 - 3*j**2 + 0. Determine p(3).
-4
Let t = 16 + -14. Let y = 4 - 3. Let c be (1/2)/(y/t). Let k(q) = -4*q**3 - q**2 + q - 1. Calculate k(c).
-5
Let p(y) = 1 - 5 - y**2 + 4*y + 1. Suppose 30 = -4*i + 10. Let z = i - -7. Determine p(z).
1
Let y(x) = x**2 - 5*x - 3. Let h be 7 - 2 - 0/2. Calculate y(h).
-3
Let q(d) be the third derivative of d**4/8 - d**3/2 - 6*d**2. Let w(o) = -6*o - 5 - o**2 - 5 - 2*o + 0*o. Let p be w(-7). Calculate q(p).
-12
Let h(v) = v + 18. Let j(a) = -3*a - 53. Let i(d) = 11*h(d) + 4*j(d). Give i(-6).
-8
Let v(b) be the first derivative of b**4/4 + 2*b**3 + b**2/2 - 2*b + 1. Determine v(-5).
18
Let c(r) = -r**3 + 18*r**2 + 4. Let w be c(18). Let q(l) = -2*l + 6. Calculate q(w).
-2
Let r(u) be the first derivative of u**6/120 + u**5/15 - 7*u**4/24 - u**3/2 - u**2/2 + 5. Let m(z) be the second derivative of r(z). Determine m(-5).
7
Let w(z) = -z**3 - 7*z**2 + 7*z - 1. Suppose -3*r = q + 2*r - 7, 0 = -4*r + 12. Give w(q).
7
Let m(l) = -13*l - 1 + 14*l + 0. Suppose i = 6*i - 15. Determine m(i).
2
Let v(z) = 2*z**3 + 2*z**2 - z - 5. Let m(s) = -s**3 - s**2 + 1. Let g(n) = -3*m(n) - v(n). Let c = 82 + -82. Determine g(c).
2
Let d(s) = 7*s**2 + 7*s - 5. Let g(l) = -3*l**2 - 3*l + 2. Let u(o) = 4*d(o) + 9*g(o). Let q(t) = -t**2 + 3*t - 2. Let j be q(3). Determine u(j).
0
Suppose -v - 3*j + 18 = 0, v = 6*v - 4*j + 5. Let p(a) = a**v - 6*a**2 - 5*a - 3*a + 7 + 0. What is p(7)?
0
Suppose 0 = -3*o + 4 - 1. Let u be 0 - (-1 - o) - -1. Let w(t) = t - 5. Let l(y) = -2*y + 11. Let f(h) = 2*l(h) + 5*w(h). Calculate f(u).
0
Let v(o) be the third derivative of o**5/60 + o**3/3 + 2*o**2. What is v(0)?
2
Let t(k) = -k**3 - k**2 + k - 4. Suppose i + y + 7 = 0, 5*i - 5*y - 12 = -7. Determine t(i).
11
Let j(r) be the second derivative of r**3/6 + r**2/2 - 13*r. What is j(3)?
4
Suppose 5*w - 11 - 9 = 0. Let n(z) = 2*z - 2*z + w*z. Give n(-2).
-8
Let h = -13 - -15. Let y(w) = h*w + w**2 + 2*w**2 - 1 - 4*w**2. Give y(-2).
-9
Let o(q) = 4*q**2 + 4*q + 2. Let f(n) = -n - 9. Let t be f(-12). Let b(a) = -5*a**2 - 5*a - 3. Let x(d) = t*b(d) + 4*o(d). What is x(3)?
11
Let g(s) = s**2 + 4*s - 5. Let y(a) = 3*a + 7. Let c(m) = 4*m + 8. Let z(k) = 4*c(k) - 5*y(k). Let w be z(-3). Determine g(w).
7
Let m(o) be the second derivative of o**3 - 1/20*o**5 + 0 + o + 3/2*o**2 - 1/4*o**4. Calculate m(-4).
-5
Let q(l) = -l**2 - 9*l - 6. Suppose 0 = -h - 1 - 7. Calculate q(h).
2
Let y be (0 - 3)*(-2)/(-2). Let h(g) be the second derivative of -g**5/20 - g**4/6 + 5*g**3/6 + g**2 - g. Give h(y).
-4
Let l = 13 - 7. Suppose 0 = -2*v + 2*u - 0*u + l, 7 = v + 3*u. Let i(n) = n**2 - 3*n - 2. Calculate i(v).
2
Suppose -15 = -3*i, -3*s + 2*i + 174 - 196 = 0. Let h = 13 - 9. Let l(g) = g**3 - 2 + 2*g**2 - 2 + 3*g**2 + h*g. Give l(s).
-4
Suppose -c = -m - 3*m + 20, -25 = -5*c - 5*m. Suppose -3*w = g - 11, -4*w + g + 1 + 2 = c. Let f(s) = -4*s**w - 3*s + 3 - 7*s**3 + 8*s**3 + 0 + s. What is f(4)?
-5
Let h(z) = 18*z - 38*z + 8 + 16*z. Calculate h(6).
-16
Let l(g) = -1 - 2*g + 0 + g**2 + 0*g. Let x be l(3). Let n(i) = 2*i**3 - x - i**3 + 4*i**2 - 6*i + 0*i**2. What is n(-5)?
3
Let d(o) = -o**3 + 4*o**2 - 2. Suppose -6*y = -3*y + 6, -t + 4*y + 11 = 0. What is d(t)?
7
Let k(g) = g**3 + 6*g**2 + 2. Let r be k(-6). Let h(m) = 3*m**3 - 3 - 6*m - 4 - 3*m**3 + m**3 - 4*m**r. Determine h(5).
-12
Let i(m) = 1 - 2 - 1 - m - 2. Determine i(-4).
0
Let m = -27 - -33. Let b(h) = -h**3 + 7*h**2 - 8*h + 8. Determine b(m).
-4
Let d(t) = t. Let q be d(-6). Let o(l) be the second derivative of -l**4/12 - l**3 + 7*l**2/2 + 21*l. What is o(q)?
7
Let p = -32 - -37. Let f(c) = c**2 + c - 1. Suppose t = 3*t - 12. Let v(s) = -5*s**2 - 10*s + 3. Let g(j) = t*f(j) + v(j). Give g(p).
2
Let h = -1 + -5. Let z(a) be the third derivative of -a**5/60 - 7*a**4/24 - 3*a**3/2 + 3*a**2. Determine z(h).
-3
Suppose 0*v + 10 = 5*v. Let h be v + 2*(0 + -2). Let d(p) = -1 + 10*p + 2*p**2 - p - 1 - 8*p. Give d(h).
4
Let n(p) = 0*p + 2*p + 2*p - 3 - 3*p + p**2. Suppose -2*l + 3 = 5*h - 3*l, 0 = -4*h + 5*l + 15. Determine n(h).
-3
Suppose 22 = -2*i + 7*i - 3*w, 4*w + 20 = 2*i. Let a(u) = -2*u - 5*u**i + 5 + 3*u - 6*u + 4*u**2. Let m = 8 - 13. Calculate a(m).
